be c(r). What is the greatest common divisor of 57 and u?
19
Suppose 4*k + 12 = 6*k. Let y be (9/k)/(3 + 27/(-12)). Suppose -4*c + 82 = -c + 5*o, 5*c - y*o = 85. What is the highest common divisor of 57 and c?
19
Suppose -9 = 5*v + 1. Let k be v/5 - ((-51)/15 + 4). Let b be 41/2 + k/2*1. Calculate the greatest common divisor of b and 220.
20
Let c(q) be the second derivative of -5*q**3/3 - 50*q**2 - 113*q. Let x be c(-18). Calculate the greatest common divisor of x and 70.
10
Let j be 62625/(-90) - (-1)/(-6). Let o = 702 + j. What is the highest common factor of 4 and o?
2
Suppose 26*i - 23*i - 3*r - 228 = 0, 2*r = -4*i + 316. Calculate the greatest common divisor of 96 and i.
6
Let s be (-10 + (5 - 9))*39/(-91). Let n be 4/(-10) - 24/(-10). Let j be 2 + (n - -1*50). What is the greatest common divisor of j and s?
6
Let z(q) = -16*q - 6. Let o be z(-7). Suppose 213*s = 296*s - 8798. What is the greatest common factor of s and o?
106
Let p be 192/(-31 - -15) - -25. Suppose -2*w - 5*c - 10 = 3, -14 = -2*w + 4*c. Suppose -f + 2*f = w. Calculate the greatest common factor of p and f.
1
Suppose 35*s = 39*s + 5 + 7. Let f(l) = -5*l - 1. Let a be f(5). Let b be (-3 + 2 - s)/((-1)/a). Calculate the highest common divisor of 4 and b.
4
Suppose -3*d + 3*c + 81 = 0, -2*c = -4*d - 0*c + 100. Suppose 16 = -4*a, 0 = 2*h + 5*a + d - 83. What is the highest common factor of 32 and h?
8
Let g(c) = c + 18. Let f be g(-14). Suppose 8*b - 15*b + 182 = 0. Calculate the greatest common factor of f and b.
2
Let a = -43843 + 43887. Suppose t + 33 = 2*t. What is the highest common divisor of t and a?
11
Let q = 71 + -45. Suppose -7 = -2*g - 5*l + 8*l, 2*l + q = 4*g. Let a be (-12)/(-21)*812/g. Calculate the highest common factor of 174 and a.
58
Let k = -23 + 62. Let s be (-1 + -5)*(-8 - 2024/(-33)). Let o = 346 + s. Calculate the highest common factor of o and k.
13
Let l = 155 + 2905. Calculate the highest common factor of l and 60.
60
Let g = 35 + -29. Suppose -71*t = -66*t - 165. What is the highest common factor of g and t?
3
Let g(a) = -4*a**3 - 3*a**2 + 4*a + 4. Let b be g(-4). Suppose -4793 = 26*f + 2851. Let d = f + 322. Calculate the greatest common divisor of b and d.
28
Suppose 13*t + 7 = 18*t - s, s - 2 = -4*t. Let b be 26/9 - 30/(-270). What is the greatest common divisor of b and t?
1
Suppose -3*l + 2*v - 206 = -639, -5*l - 4*v + 729 = 0. What is the greatest common factor of 1247 and l?
29
Suppose 12*r + 161 - 593 = 0. Let b = r + -25. Suppose -b*q - 180 = -16*q. Calculate the greatest common divisor of 4 and q.
4
Suppose -15 = -0*s - 5*s. Suppose 3*c = -a - 15, -20 = c + s*c - 3*a. Let n be (-12)/((-15)/c) - -67. What is the greatest common factor of n and 3?
3
Let k be (21/56*-4)/(18/(-4200)). Calculate the greatest common factor of 98 and k.
14
Suppose 0 = 2*s + 3*z - 1 - 5, 4*s + 4*z - 16 = 0. Let w = 580 + -564. Suppose -s*t - 4 = -w. What is the greatest common factor of 16 and t?
2
Let c = 182 - 178. Let f be (-194)/(-6) + (c/6 - 1). Let i = -26 - -42. What is the greatest common divisor of f and i?
16
Let b be (-20)/(-8)*36/15. Suppose 43 = -4*g + 3*z + 428, z - 5 = 0. Suppose -5*y - 4*v = -g, 0*v - 15 = 3*v. Calculate the greatest common factor of b and y.
6
Let r(n) = -1988*n - 1476. Let d be r(-2). Calculate the greatest common factor of 80 and d.
20
Let q(c) = -73*c + 15. Let w be q(-5). Suppose -595 = 9*o - 775. What is the highest common factor of o and w?
20
Suppose 0 = -4*w - 410*p + 413*p + 16, -3*p = 2*w - 26. What is the highest common divisor of 17577 and w?
7
Let k = -2386 - -2970. What is the greatest common divisor of 72 and k?
8
Let s = 18 + 12. Let c = s - 23. Let x(i) = 32*i - 8. Let w be x(c). What is the greatest common factor of w and 24?
24
Let m be 6/(-27) - (-2625)/27. Suppose 4*i + 136 = -4*b, -2*i = i + 2*b + m. Let g be (1 + i)/(3 - 5). Calculate the highest common factor of g and 35.
7
Let u(y) = -2*y - 14. Let t be 18*(5 + -1)/(-8). Let j be u(t). Calculate the greatest common divisor of 92 and j.
4
Suppose 2241 = -59*x + 305*x - 2679. What is the greatest common divisor of 410 and x?
10
Suppose -2*x = -x + r - 44, 4*x - 4*r - 144 = 0. Let h be -2 - 0/(-6 - -1). Let g be (h + -6)/((-1)/(-20)*-2). What is the highest common divisor of x and g?
40
Let c be (-1248)/(-20) - (1 - 1 - 135/225). Suppose -5*n + 3*s + 48 = -0*s, -31 = -4*n - 5*s. What is the greatest common divisor of c and n?
9
Let c = 4038 - 882. What is the greatest common divisor of c and 60?
12
Let x(h) = -4*h + 26. Let g(r) = -26*r + 10*r + 15*r. Let a(v) = -g(v) + x(v). Let f be a(5). Calculate the greatest common divisor of f and 121.
11
Let t(d) = d**2 - 17*d. Let v be t(17). Suppose v*g = -3*g + 9. Suppose -9*k + g*k = -42. Calculate the highest common factor of k and 21.
7
Let s(c) = 4*c**2 - 2*c + 29. Let x be s(4). Suppose 0 = 70*w - x*w + 780. Calculate the greatest common divisor of w and 338.
26
Suppose -5*o = 3*x - 158, -2*o + 8 = -0*o. Suppose -2*s = -3*l + 1033, 0*l + 347 = l + 2*s. Calculate the highest common divisor of x and l.
23
Let j be (4/2 - 0) + -4. Let b be 8/10 + j/(-10). Let o be 21 + b + -6 + 4. Calculate the greatest common factor of 30 and o.
10
Suppose 16*v + 52*v = 10059 - 879. Suppose l - 1 = -5, -5*x + 143 = -2*l. What is the highest common divisor of v and x?
27
Suppose -2*z - 326*b = -323*b + 7, z + b = 0. Calculate the greatest common divisor of z and 12817.
7
Let g(d) = -d**2 + 9*d + 15. Let a be g(14). Let p = -44 - 5. Let h = p - a. Calculate the greatest common factor of 54 and h.
6
Let a = -634 - -658. Let d be -2 + -12*a/(-9). Calculate the highest common factor of d and 15.
15
Let u be 3 - -1 - (12 + -87 + 15). What is the highest common factor of 42 and u?
2
Suppose 3*b - 4*p = -2*p + 26, 3*b - 5*p = 38. Suppose -9*d + 312 = -b*d. What is the greatest common factor of d and 8?
8
Let x = 7347 + -5871. Calculate the greatest common factor of x and 615.
123
Suppose -158*k + 148*k = -210. What is the greatest common factor of 2919 and k?
21
Let x(j) = 4094*j - 380. Let u be x(3). Calculate the greatest common divisor of 22 and u.
22
Let i be ((-3)/(-6))/(3/(-6)). Let a be 7*1 + 9*5/(-15). Let q be (-17)/a*(i - 3/1). Calculate the highest common divisor of q and 17.
17
Let q(g) = 61*g + 1084. Let n be q(-16). Calculate the highest common divisor of 2208 and n.
12
Suppose -5*i + 2*b = -58996, 0 = 2*i - 5*b - 422 - 23168. What is the highest common divisor of i and 200?
200
Let x(b) = -10*b**2 + 10*b + 5. Let c be x(-2). Let y be (-478)/(-8) - (-3 - c/20). Calculate the greatest common factor of 100 and y.
20
Let l = 45 + -40. Let d(z) = l*z**2 + 3*z + 3*z - z. Let h be d(-4). Calculate the greatest common factor of 40 and h.
20
Let i be -2 - ((-28)/(-49) + 466/(-7)). Let w = i + -49. What is the greatest common factor of w and 25?
5
Let b(w) = -224*w + 276. Let z be b(0). What is the greatest common factor of z and 897?
69
Suppose -10*v + 17177 = -4723. Suppose v + 989 = 17*s. What is the greatest common factor of 17 and s?
17
Suppose -6*a = 2*f - a - 13530, -a = -4*f + 27038. Calculate the highest common divisor of 156 and f.
52
Suppose 649 + 231 = 8*z. Calculate the greatest common divisor of 80 and z.
10
Let l(d) = -63*d - 5. Let n be 0/(-1) - (-2 + 4). Let t be l(n). Let w(f) = -19*f + 144. Let q be w(7). Calculate the highest common divisor of t and q.
11
Let y be (0 + -2)*-3 - 6 - -4. Suppose -4*w - t + 327 = -w, 2*t + 426 = y*w. What is the highest common divisor of w and 180?
36
Let t be (8/(-14))/(8/(-308)). Let x = 27 - t. Suppose 4*y + 2*b = 44, -4*y - x*b + 56 = -0*y. What is the greatest common divisor of 6 and y?
3
Suppose 25 = -0*b - 5*b. Let p be (b/2)/((-3)/30). Let y be (-240)/(-64) + 8 + 189/(-28). Calculate the highest common divisor of y and p.
5
Suppose -2*y + 470 = 3*y. Let t = 190 - y. Suppose 0 = -35*v + 40*v - 12*s - 624, 0 = 3*v + 4*s - 464. What is the greatest common divisor of v and t?
48
Suppose -17*o + 83240 + 171452 = -17767. Calculate the highest common factor of o and 31.
31
Suppose 0 = -24*y + 120*y - 1056. Let v be 1 - (5 - 2)/3. Let s be (-22)/(-6)*(v + 3). Calculate the greatest common divisor of s and y.
11
Let s = -363 + 365. Suppose -33*k - 5*p - 20 = -38*k, 5*k + s*p -